{"id":55,"date":"2022-10-12T16:15:21","date_gmt":"2022-10-12T16:15:21","guid":{"rendered":"https:\/\/architekt-segerer.de\/?page_id=55"},"modified":"2022-10-12T16:18:14","modified_gmt":"2022-10-12T16:18:14","slug":"einblick","status":"publish","type":"page","link":"https:\/\/architekt-segerer.de\/","title":{"rendered":"Einblick"},"content":{"rendered":"\n<figure class=\"wp-block-image size-large\"><img loading=\"lazy\" decoding=\"async\" width=\"1024\" height=\"664\" src=\"https:\/\/architekt-segerer.de\/wp-content\/uploads\/2022\/10\/PA050434-1024x664.jpg\" alt=\"\" class=\"wp-image-58\" srcset=\"https:\/\/architekt-segerer.de\/wp-content\/uploads\/2022\/10\/PA050434-1024x664.jpg 1024w, https:\/\/architekt-segerer.de\/wp-content\/uploads\/2022\/10\/PA050434-300x194.jpg 300w, https:\/\/architekt-segerer.de\/wp-content\/uploads\/2022\/10\/PA050434-768x498.jpg 768w, https:\/\/architekt-segerer.de\/wp-content\/uploads\/2022\/10\/PA050434.jpg 1500w\" sizes=\"auto, (max-width: 1024px) 100vw, 1024px\" \/><\/figure>\n\n\n\n<h5 class=\"wp-block-heading\">Individuelle L\u00f6sung:<\/h5>\n\n\n\n<div class=\"wp-block-columns is-layout-flex wp-container-core-columns-is-layout-9d6595d7 wp-block-columns-is-layout-flex\">\n<div class=\"wp-block-column is-layout-flow wp-block-column-is-layout-flow\">\n<p>beengter Bauplatz<br>in 2. Reihe,<br>am Hang<\/p>\n<\/div>\n\n\n\n<div class=\"wp-block-column is-layout-flow wp-block-column-is-layout-flow\">\n<p>2 Wohneinheiten<br>KFW-40 Standard<br>Wohnfl\u00e4che KG 2-7<\/p>\n<\/div>\n<\/div>\n\n\n\n<p>Die Nutzung des gro\u00dfen elterlichen Grundst\u00fccks f\u00fcr den Neubau der Kinder ist eine Form der Nachverdichtung, die Fl\u00e4chen und Eschlie\u00dfungsaufwand spart, Synergieen aus dem Zusammenleben von Jung und Alt f\u00f6rdert und Kosten spart.<\/p>\n","protected":false},"excerpt":{"rendered":"<p>Individuelle L\u00f6sung: beengter Bauplatzin 2. Reihe,am Hang 2 WohneinheitenKFW-40 StandardWohnfl\u00e4che KG 2-7 Die Nutzung des gro\u00dfen elterlichen Grundst\u00fccks f\u00fcr den<\/p>\n","protected":false},"author":1,"featured_media":0,"parent":0,"menu_order":0,"comment_status":"closed","ping_status":"closed","template":"","meta":{"footnotes":""},"class_list":["post-55","page","type-page","status-publish","hentry"],"_links":{"self":[{"href":"https:\/\/architekt-segerer.de\/index.php\/wp-json\/wp\/v2\/pages\/55","targetHints":{"allow":["GET"]}}],"collection":[{"href":"https:\/\/architekt-segerer.de\/index.php\/wp-json\/wp\/v2\/pages"}],"about":[{"href":"https:\/\/architekt-segerer.de\/index.php\/wp-json\/wp\/v2\/types\/page"}],"author":[{"embeddable":true,"href":"https:\/\/architekt-segerer.de\/index.php\/wp-json\/wp\/v2\/users\/1"}],"replies":[{"embeddable":true,"href":"https:\/\/architekt-segerer.de\/index.php\/wp-json\/wp\/v2\/comments?post=55"}],"version-history":[{"count":0,"href":"https:\/\/architekt-segerer.de\/index.php\/wp-json\/wp\/v2\/pages\/55\/revisions"}],"wp:attachment":[{"href":"https:\/\/architekt-segerer.de\/index.php\/wp-json\/wp\/v2\/media?parent=55"}],"curies":[{"name":"wp","href":"https:\/\/api.w.org\/{rel}","templated":true}]}}