{"id":5,"date":"2022-10-12T15:20:18","date_gmt":"2022-10-12T15:20:18","guid":{"rendered":"https:\/\/architekt-segerer.de\/?page_id=5"},"modified":"2022-10-12T15:39:02","modified_gmt":"2022-10-12T15:39:02","slug":"durchsicht","status":"publish","type":"page","link":"https:\/\/architekt-segerer.de\/index.php\/durchsicht\/","title":{"rendered":"Durchsicht"},"content":{"rendered":"\n<figure class=\"wp-block-image size-large\"><img loading=\"lazy\" decoding=\"async\" width=\"1024\" height=\"597\" src=\"https:\/\/architekt-segerer.de\/wp-content\/uploads\/2022\/10\/PA080444-1-1024x597.jpg\" alt=\"\" class=\"wp-image-16\" srcset=\"https:\/\/architekt-segerer.de\/wp-content\/uploads\/2022\/10\/PA080444-1-1024x597.jpg 1024w, https:\/\/architekt-segerer.de\/wp-content\/uploads\/2022\/10\/PA080444-1-300x175.jpg 300w, https:\/\/architekt-segerer.de\/wp-content\/uploads\/2022\/10\/PA080444-1-768x448.jpg 768w, https:\/\/architekt-segerer.de\/wp-content\/uploads\/2022\/10\/PA080444-1.jpg 1500w\" sizes=\"auto, (max-width: 1024px) 100vw, 1024px\" \/><\/figure>\n\n\n\n<h5 class=\"wp-block-heading\"><strong>2 Ebenen ohne Aufzug, barrierefrei erschlossen, am Hang<\/strong><\/h5>\n\n\n\n<p>Die Nutzung der Hanglage f\u00fcr die barrierefreie Erschlie\u00dfung von 2 Ebenen verl\u00e4ngert die Nutzungsdauer und erh\u00f6ht den Marktwert in einer alternden Gesellschaft<\/p>\n\n\n\n<div class=\"wp-block-columns is-layout-flex wp-container-core-columns-is-layout-9d6595d7 wp-block-columns-is-layout-flex\">\n<div class=\"wp-block-column is-layout-flow wp-block-column-is-layout-flow\">\n<h5 class=\"wp-block-heading\">individuelle L\u00f6sung:<\/h5>\n\n\n\n<p>3 Wohneinheiten, KFW-40 Standard,<br>umlaufend hoher D\u00e4mmstandard,<br>Solarthermie f\u00fcr Fl\u00e4chenheizung<br>und Warmwasserbereitung,<br>Kontrollierte Wohnrauml\u00fcftung<br>mit W\u00e4rmer\u00fcckgewinnung,<br>Wohnfl\u00e4che KG 2-7<\/p>\n<\/div>\n\n\n\n<div class=\"wp-block-column is-layout-flow wp-block-column-is-layout-flow\">\n<h5 class=\"wp-block-heading\">Gesichtspunkte:<\/h5>\n\n\n\n<p>Nachhaltigkeit<br>lange Nutzungsdauer<br>Anpassungsf\u00e4hig an verschieden Nutzungen<br>dauerhafte Materialien<br>widerstandsf\u00e4hige Konstruktion<br>energiesparender Entwurf<\/p>\n<\/div>\n<\/div>\n\n\n\n<h5 class=\"wp-block-heading\">Altbaumodernisierung<\/h5>\n\n\n\n<p>KFW-70 Standard<br>umlaufend hoher D\u00e4mmstandard<br>Photovoltaik-Schiebl\u00e4den<br>Kontrollierte Wohnrauml\u00fcftung mit W\u00e4rmer\u00fcckgewinnung<br>Wohnfl\u00e4che KG 2-7<\/p>\n\n\n\n<p>Eigenleistungen beim Bau,<br>Entwickeln von Detaill\u00f6sungen, die den M\u00f6glichkeiten der Eigenleistung entsprechen, Integrieren der Eigenleistungen in den Ablauf der Firmenleistungen<\/p>\n\n\n\n<div class=\"wp-block-columns is-layout-flex wp-container-core-columns-is-layout-9d6595d7 wp-block-columns-is-layout-flex\">\n<div class=\"wp-block-column is-layout-flow wp-block-column-is-layout-flow\">\n<figure class=\"wp-block-image size-large\"><img loading=\"lazy\" decoding=\"async\" width=\"1024\" height=\"768\" src=\"https:\/\/architekt-segerer.de\/wp-content\/uploads\/2022\/10\/P3010012-1024x768.jpg\" alt=\"\" class=\"wp-image-24\" srcset=\"https:\/\/architekt-segerer.de\/wp-content\/uploads\/2022\/10\/P3010012-1024x768.jpg 1024w, https:\/\/architekt-segerer.de\/wp-content\/uploads\/2022\/10\/P3010012-300x225.jpg 300w, https:\/\/architekt-segerer.de\/wp-content\/uploads\/2022\/10\/P3010012-768x576.jpg 768w, https:\/\/architekt-segerer.de\/wp-content\/uploads\/2022\/10\/P3010012.jpg 1500w\" sizes=\"auto, (max-width: 1024px) 100vw, 1024px\" \/><figcaption><strong>&#8230; vorher &#8230;<\/strong><\/figcaption><\/figure>\n<\/div>\n\n\n\n<div class=\"wp-block-column is-layout-flow wp-block-column-is-layout-flow\">\n<figure class=\"wp-block-image size-large\"><img loading=\"lazy\" decoding=\"async\" width=\"1024\" height=\"768\" src=\"https:\/\/architekt-segerer.de\/wp-content\/uploads\/2022\/10\/PA080442_1-1024x768.jpg\" alt=\"\" class=\"wp-image-25\" srcset=\"https:\/\/architekt-segerer.de\/wp-content\/uploads\/2022\/10\/PA080442_1-1024x768.jpg 1024w, https:\/\/architekt-segerer.de\/wp-content\/uploads\/2022\/10\/PA080442_1-300x225.jpg 300w, https:\/\/architekt-segerer.de\/wp-content\/uploads\/2022\/10\/PA080442_1-768x576.jpg 768w, https:\/\/architekt-segerer.de\/wp-content\/uploads\/2022\/10\/PA080442_1.jpg 1500w\" sizes=\"auto, (max-width: 1024px) 100vw, 1024px\" \/><figcaption><strong>&#8230; nachher &#8230;<\/strong><\/figcaption><\/figure>\n<\/div>\n<\/div>\n","protected":false},"excerpt":{"rendered":"<p>2 Ebenen ohne Aufzug, barrierefrei erschlossen, am Hang Die Nutzung der Hanglage f\u00fcr die barrierefreie Erschlie\u00dfung von 2 Ebenen verl\u00e4ngert<\/p>\n","protected":false},"author":1,"featured_media":0,"parent":0,"menu_order":0,"comment_status":"closed","ping_status":"closed","template":"","meta":{"footnotes":""},"class_list":["post-5","page","type-page","status-publish","hentry"],"_links":{"self":[{"href":"https:\/\/architekt-segerer.de\/index.php\/wp-json\/wp\/v2\/pages\/5","targetHints":{"allow":["GET"]}}],"collection":[{"href":"https:\/\/architekt-segerer.de\/index.php\/wp-json\/wp\/v2\/pages"}],"about":[{"href":"https:\/\/architekt-segerer.de\/index.php\/wp-json\/wp\/v2\/types\/page"}],"author":[{"embeddable":true,"href":"https:\/\/architekt-segerer.de\/index.php\/wp-json\/wp\/v2\/users\/1"}],"replies":[{"embeddable":true,"href":"https:\/\/architekt-segerer.de\/index.php\/wp-json\/wp\/v2\/comments?post=5"}],"version-history":[{"count":0,"href":"https:\/\/architekt-segerer.de\/index.php\/wp-json\/wp\/v2\/pages\/5\/revisions"}],"wp:attachment":[{"href":"https:\/\/architekt-segerer.de\/index.php\/wp-json\/wp\/v2\/media?parent=5"}],"curies":[{"name":"wp","href":"https:\/\/api.w.org\/{rel}","templated":true}]}}

<figure class="wp-block-image size-large"><img loading="lazy" decoding="async" width="1024" height="597" src="https://architekt-segerer.de/wp-content/uploads/2022/10/PA080444-1-1024x597.jpg" alt="" class="wp-image-16" srcset="https://architekt-segerer.de/wp-content/uploads/2022/10/PA080444-1-1024x597.jpg 1024w, https://architekt-segerer.de/wp-content/uploads/2022/10/PA080444-1-300x175.jpg 300w, https://architekt-segerer.de/wp-content/uploads/2022/10/PA080444-1-768x448.jpg 768w, https://architekt-segerer.de/wp-content/uploads/2022/10/PA080444-1.jpg 1500w" sizes="auto, (max-width: 1024px) 100vw, 1024px" /></figure>



<h5 class="wp-block-heading"><strong>2 Ebenen ohne Aufzug, barrierefrei erschlossen, am Hang</strong></h5>



<p>Die Nutzung der Hanglage für die barrierefreie Erschließung von 2 Ebenen verlängert die Nutzungsdauer und erhöht den Marktwert in einer alternden Gesellschaft</p>



<div class="wp-block-columns is-layout-flex wp-container-core-columns-is-layout-9d6595d7 wp-block-columns-is-layout-flex">
<div class="wp-block-column is-layout-flow wp-block-column-is-layout-flow">
<h5 class="wp-block-heading">individuelle Lösung:</h5>



<p>3 Wohneinheiten, KFW-40 Standard,<br>umlaufend hoher Dämmstandard,<br>Solarthermie für Flächenheizung<br>und Warmwasserbereitung,<br>Kontrollierte Wohnraumlüftung<br>mit Wärmerückgewinnung,<br>Wohnfläche KG 2-7</p>
</div>



<div class="wp-block-column is-layout-flow wp-block-column-is-layout-flow">
<h5 class="wp-block-heading">Gesichtspunkte:</h5>



<p>Nachhaltigkeit<br>lange Nutzungsdauer<br>Anpassungsfähig an verschieden Nutzungen<br>dauerhafte Materialien<br>widerstandsfähige Konstruktion<br>energiesparender Entwurf</p>
</div>
</div>



<h5 class="wp-block-heading">Altbaumodernisierung</h5>



<p>KFW-70 Standard<br>umlaufend hoher Dämmstandard<br>Photovoltaik-Schiebläden<br>Kontrollierte Wohnraumlüftung mit Wärmerückgewinnung<br>Wohnfläche KG 2-7</p>



<p>Eigenleistungen beim Bau,<br>Entwickeln von Detaillösungen, die den Möglichkeiten der Eigenleistung entsprechen, Integrieren der Eigenleistungen in den Ablauf der Firmenleistungen</p>



<div class="wp-block-columns is-layout-flex wp-container-core-columns-is-layout-9d6595d7 wp-block-columns-is-layout-flex">
<div class="wp-block-column is-layout-flow wp-block-column-is-layout-flow">
<figure class="wp-block-image size-large"><img loading="lazy" decoding="async" width="1024" height="768" src="https://architekt-segerer.de/wp-content/uploads/2022/10/P3010012-1024x768.jpg" alt="" class="wp-image-24" srcset="https://architekt-segerer.de/wp-content/uploads/2022/10/P3010012-1024x768.jpg 1024w, https://architekt-segerer.de/wp-content/uploads/2022/10/P3010012-300x225.jpg 300w, https://architekt-segerer.de/wp-content/uploads/2022/10/P3010012-768x576.jpg 768w, https://architekt-segerer.de/wp-content/uploads/2022/10/P3010012.jpg 1500w" sizes="auto, (max-width: 1024px) 100vw, 1024px" /><figcaption><strong>&#8230; vorher &#8230;</strong></figcaption></figure>
</div>



<div class="wp-block-column is-layout-flow wp-block-column-is-layout-flow">
<figure class="wp-block-image size-large"><img loading="lazy" decoding="async" width="1024" height="768" src="https://architekt-segerer.de/wp-content/uploads/2022/10/PA080442_1-1024x768.jpg" alt="" class="wp-image-25" srcset="https://architekt-segerer.de/wp-content/uploads/2022/10/PA080442_1-1024x768.jpg 1024w, https://architekt-segerer.de/wp-content/uploads/2022/10/PA080442_1-300x225.jpg 300w, https://architekt-segerer.de/wp-content/uploads/2022/10/PA080442_1-768x576.jpg 768w, https://architekt-segerer.de/wp-content/uploads/2022/10/PA080442_1.jpg 1500w" sizes="auto, (max-width: 1024px) 100vw, 1024px" /><figcaption><strong>&#8230; nachher &#8230;</strong></figcaption></figure>
</div>
</div>

<p>2 Ebenen ohne Aufzug, barrierefrei erschlossen, am Hang Die Nutzung der Hanglage für die barrierefreie Erschließung von 2 Ebenen verlängert</p>
